g**3 - g**2. Determine k(1).
-5
Let s(l) be the first derivative of l**4/4 + l**3 - l**2/2 - l - 1. Calculate s(-3).
2
Let q be (-3)/((-60)/8)*-10. Let a(b) = -b**3 - 5*b**2 - 4*b + 7. Let m(d) = -d**3 - 5*d**2 - 4*d + 8. Let v(s) = 5*a(s) - 4*m(s). What is v(q)?
3
Let h(j) = -j**2 - 5*j. Suppose 5*d - 28 = 12. Let y = d + -4. Suppose 3*b = -y*u + 2*u - 18, -2*b - 5*u = 23. Determine h(b).
4
Let c(k) = 11*k. Let z(m) = m. Let x(y) = -c(y) + 4*z(y). Calculate x(2).
-14
Let r(d) = -d**3 + 3*d**2 - d + 6. Let w be r(3). Let s(a) = -a**3 + a**2 + a - 1. Determine s(w).
-16
Let n(m) = m**3 + 5*m**2 + 3*m + 4. Suppose -3 - 5 = 2*y. What is n(y)?
8
Let l(j) = 3*j + 3. Let n = 16 + -12. Suppose -t - 2*t = -n*c - 8, -3*c + 5*t - 6 = 0. Give l(c).
-3
Let d(c) = c**2 - 6*c - 6. Suppose 5*n = -n + 42. Calculate d(n).
1
Let v(u) = 11*u**2 + 17*u - 17. Let k(f) be the second derivative of f**4/3 + f**3 - 3*f**2 + 4*f. Let s = 8 + -5. Let i(b) = s*v(b) - 8*k(b). Give i(-4).
1
Let c(m) = -20*m**3 - 29*m**2 + 6*m + 3. Let a(h) = -7*h**3 - 10*h**2 + 2*h + 1. Let k(v) = 17*a(v) - 6*c(v). Calculate k(-4).
7
Let a(x) be the first derivative of -3*x**2/2 + 5*x - 3. Determine a(4).
-7
Let w(s) = s + 5. Let r(h) = -h**2 - 2*h + 1. Let q be r(-2). Let k = q + -7. Let m be ((-1)/1)/((-2)/k). Give w(m).
2
Suppose 0 = r - 0 + 4. Let d(c) = -c**2 - c - 1. Give d(r).
-13
Let k(r) = r**2 + 6*r + 1. Let j = -3 - -2. Let n be (j - -7)/(3/(-2)). Give k(n).
-7
Let d(p) = 2*p - 8. Let y = -67 - -59. What is d(y)?
-24
Let v(w) be the third derivative of -w**2 + 1/6*w**3 + 0 + 0*w - 1/4*w**4. Suppose 0 = 3*k - 5*k - 3*h + 8, -4*k - 5*h = -14. Calculate v(k).
-5
Let r(w) = -5*w - 3*w**2 + 4*w - 1 + 4*w**2. Suppose -5 - 7 = 4*m. Let p = 2 + m. Determine r(p).
1
Let n = -1 + -2. Suppose 17 = 3*r + 5. Let d(l) = -4 + l**2 + r + l**3 - 3*l + 2 + 1. Calculate d(n).
-6
Let p(g) = -10*g + 3. Let y be p(1). Let q(w) = w**3 + 7*w**2 - w - 2. Give q(y).
5
Let o(d) be the first derivative of -d**4/4 - d**2/2 - 10. Calculate o(-2).
10
Let l be 2/8 + (-5)/4. Let p(j) = -4*j - 1. Let g be p(-1). Let k(q) = -g*q - 6*q + 5*q. Calculate k(l).
4
Let w(z) = 4*z**3 + 2*z**2 + 6*z + 2. Let o(r) = -4*r**2 - 2*r**3 + 3*r**2 + 3*r**3. Suppose g + 0 = 1. Let u(m) = g*w(m) - 3*o(m). Determine u(-4).
-6
Let x(r) be the second derivative of -r**4/6 + r. Determine x(1).
-2
Suppose 3*z - 4*z + k = -6, -2*z = k + 3. Let n(y) be the third derivative of -2*y**5/15 + y**4/24 - y**3/6 + 3*y**2. Calculate n(z).
-8
Let b(v) = -v**2 - 7*v + 9. Let r(i) = -5*i + 32. Let m be r(8). Give b(m).
1
Let q(x) be the third derivative of x**4/6 + 3*x**2. Suppose 4*y - 3 = 1. Determine q(y).
4
Let a(i) be the third derivative of i**4/8 - i**3/2 + 27*i**2. Calculate a(6).
15
Let y = -1 - -3. Suppose 0 = 2*i - y. Let n(f) = -f**3 + 2*f**2 - 2*f + 1. Give n(i).
0
Let b(s) = -s - 1. Let t(h) = -4*h - 5. Let g(r) = 9*b(r) - 2*t(r). Determine g(-5).
6
Suppose -1 = 4*c - 3*c. Let x(z) be the third derivative of z**4/24 + z**3/6 - 83*z**2. Determine x(c).
0
Let b(r) = -5*r**3 - 3*r**2 - 2*r - 3. Let o be b(-2). Suppose -o = -5*g + 1. Let u(h) = -h**2 + 7*h + 6. Give u(g).
12
Let m be 3/6*(1 - 0). Let j(u) be the second derivative of 1/20*u**5 + m*u**2 + 0 + 1/6*u**3 + 1/3*u**4 + 3*u. Determine j(-3).
7
Suppose 0 = -6*n - 6. Let h be ((-4)/(-6))/(n/3). Let m(w) = -2*w - 2. Determine m(h).
2
Let z(n) = 8*n**3 - 2*n**2 - 2*n - 1. Let f be (-1)/(((-10)/2)/(-5)). Calculate z(f).
-9
Let n(x) be the second derivative of -x**3 + 3*x**2/2 + 28*x - 4. Suppose -2*l = 5*r + 4, 0 = 5*l + 5*r - 5. Calculate n(l).
-15
Let r(n) = -n + 13. Let k(o) = 5*o - 53. Let p(t) = 2*k(t) + 9*r(t). Let x be p(-10). Let h be 4/(-12)*x*3. Let w(g) = 10*g**2. What is w(h)?
10
Let o be (-8)/10 - (-2)/(-10). Let a = -14 - -13. Let z = a + o. Let l(f) = f**3 + 4*f**2 + 4*f + 3. Give l(z).
3
Let q(g) = -g**3 + 6*g**2 - 6*g + 1. Let x = 20 - 15. Give q(x).
-4
Let v(m) = m + 2. Let l be v(0). Suppose 0 = -0*y - l*y. Let x(b) = 2 + 3*b + y*b - 3 + 0*b. Give x(2).
5
Let u(p) = -p**3 + 4*p**2 + 6*p. Let n be 30/18 - (-2)/6. Suppose -34 = -3*g + n*z, -5*z + 4 = 2*g - 6. Let t be 2*(0 - g/(-4)). Give u(t).
5
Let j be (9/(-2) + 2)*-2. Suppose w = -3, 0 = -5*k - j*w - 0 + 5. Let z(l) = 3*l**2 - 2*l + k - 1 - 4 - 5*l**2 + 8*l**3. Give z(-1).
-9
Let o(b) = b**2 + 3*b + 1. Let x be (10/(-3) - -3)*3. Give o(x).
-1
Let u(i) = i - 1. Suppose 43 = -4*a + 27. Determine u(a).
-5
Let f(t) = -t**3 + 9*t**2 - 7*t + 9. Suppose 3*h = -15 + 39. What is f(h)?
17
Suppose 0 = 2*i - 3*z + 5 - 15, 4*z = -2*i + 10. Suppose -w - 3*g + 24 = w, 4*w = 4*g + 8. Let v(n) = w*n**2 - 6*n - 1 + 4 + 1 - n**3. What is v(i)?
-1
Let o(u) be the third derivative of 1/6*u**3 + u**2 - 1/4*u**4 + 0*u + 0. Suppose 1 = -r + 2. Calculate o(r).
-5
Let h be (16/(-10))/(4/(-40)). Let z = -10 + h. Let b(o) = -o + 2. Calculate b(z).
-4
Let c(m) = -m**2 - m + 3. Let n(l) = -l**2 + 4. Let p(z) = -5*c(z) + 4*n(z). Suppose -k - 23 = -3*w + 4*k, 4*w - 5*k = 39. Suppose 5*r + 4 = -w. Determine p(r).
-3
Let p be 0 + -1 + 3 + -5. Let m be 3*4/((-8)/14). Let i be p/(-12) - m/(-4). Let y(w) = w**2 + 6*w. Give y(i).
-5
Let g(p) = -p**3 - p**2 + 3*p - 4. Let m be -5 + 8/4 - 0/3. Determine g(m).
5
Suppose 0 = -2*s - 3*s + 10, 5*i - 3*s = 19. Suppose -f - 4*f = i. Let o(w) = 6*w - 1. Give o(f).
-7
Let c(t) be the third derivative of t**5/60 - t**4/3 + 42*t**2. What is c(8)?
0
Let j(h) = -h**3 + 16*h**2 - 14*h - 8. Let p be j(15). Let c(q) = q**2 - 9*q + 1. Give c(p).
-13
Let g(l) = -l**2 + 24*l - 28. Let i be g(23). Let y(z) = 2*z + 1. Calculate y(i).
-9
Let h = 6 + -12. Let s(z) = 3 + z**2 - 6*z**2 + 4*z**2 - 10 - 8*z. Determine s(h).
5
Let h(q) = 19. Let r(k) = k + 20. Let m(p) = -4*h(p) + 3*r(p). Let o(f) = -f + 5. Let w(y) = 2*m(y) + 7*o(y). Calculate w(-4).
7
Let g(r) be the third derivative of -r**5/120 + r**4/12 + r**3/6 - 3*r**2. Let y(o) be the first derivative of g(o). Let a = -5 - -8. Calculate y(a).
-1
Let u = -20 + 22. Suppose 5*r + 2*n - 16 = -0*n, 2*r = -3*n + 13. Let q(c) = -r - c**2 + 5*c - 5*c. What is q(u)?
-6
Let h(x) = x**3 - 6*x**2 + 5*x - 7. Let r = 1 + 2. Suppose -3*s - r + 7 = -2*b, 2*b = 2*s - 6. Let m be (-2 + 1)/(1/b). Calculate h(m).
-7
Let w(l) = l**2 + l + 3. Let d(j) = -j**3 - 7*j**2 - 2*j - 14. Let h be d(-7). Give w(h).
3
Let m(w) = w**2 + 5*w - 4. Let a = 8 - 3. Suppose 37 = 3*z + 5*x, -2*z - 45 = -7*z - a*x. Suppose 1 + 11 = -z*u. Calculate m(u).
-10
Let k(n) be the second derivative of -n**4/12 - n**3/3 + n**2/2 + 4*n. Let d(t) = t**2 - t - 3. Let z be d(0). Calculate k(z).
-2
Let p(g) be the third derivative of -3*g**2 - 1/12*g**4 + 0 + 1/6*g**3 + 0*g. Give p(4).
-7
Let v(m) be the second derivative of m**5/4 + m**4/12 - m**3/6 - m**2/2 - 8*m. Determine v(-1).
-4
Let n(j) be the first derivative of j**3/3 + 5*j**2/2 + 3*j - 2. Suppose 2*k = 4 - 10. Give n(k).
-3
Let d(w) = w**2 + 216*w - 216*w + 4. What is d(0)?
4
Let j = -4 - -4. Suppose 5*g + 3 - 33 = j. Let o be (40/(-24))/(2/g). Let p(x) = -3*x - 7. Give p(o).
8
Let f be (-4 - -2)*12/(-4). Suppose -c + f*c = 0. Let g(h) = -h + 8. Determine g(c).
8
Let k(i) = -i**3 - 6*i**2 + 4. Suppose 45 = -5*r - 5*t - 0*t, 15 = -5*r + 5*t. What is k(r)?
4
Let h(m) = 7*m**2 - 3*m - 1. Let q(u) = 3*u**2 - u. Let n(c) = -4*h(c) + 9*q(c). What is n(5)?
-6
Let o(t) = 6*t**2 - 31*t + 6. Let k(i) = -i**2 + 6*i - 1. Let c(s) = -11*k(s) - 2*o(s). Let j be c(-3). Let u(d) = j*d**2 - 1 - 4*d**2 + 2. Determine u(-1).
-1
Let f(r) = 2*r**2 + 17*r + 2. Let n(x) be the third derivative of -x**5/60 - 3*x**4/8 - x**3/6 + 4*x**2. Let a(v) = -4*f(v) - 7*n(v). Determine a(-6).
-7
Let s = 3 - 4. Let o be (s + 1 + -2)*-1. Suppose -2*m = o - 0. Let r(g) = 2*g**2 + g. Calculate r(m).
1
Let i(s) = -3*s - 4. Let m(y) = 4*y + 5. Let v(q) = -6*i(q) - 4*m(q). Calculate v(-4).
-4
Let z(l) = -l**2 - 9*l + 5. Let g(c) = 4*c - 2. Let r(q) = -5*g(q) - 2*z(q). Give r(-3).
24
Let f(x) = -x**3 + 11. Let t be f(0). Suppose t + 4 = 5*l. Let h(y) = 2*y**2 + y - 4*y**2 + y**l + 4*y**2. Calculate h(-1).
0
Let i(d) = -d**2 + 6*d + 15. Let p be i(-3). Let g(m) = m**2 + 13*m + 15. Give g(p).
3
Let s(q) = 18*q. Let i = 0 + 1. Calculate s(i).
18
Let z(g) be the second derivative of g**3/6 + 5*g**2/2 - 103